-2)/(-2))?
8
Suppose 8828 = -117*g + 119*g + 4*b, -3*b = -4*g + 17634. What is the thousands digit of g?
4
Let o = 1 - -2. Let j be 2/(-3*(-12)/54). Suppose 0*q + j = o*q. What is the units digit of q?
1
Let t(h) be the second derivative of -h**3/6 + 9*h**2/2 + 6*h. Suppose -2*k = 2*m - 18, 7 = 3*k + 2*m - 3*m. What is the units digit of t(k)?
5
Let h be (-4 + 54 + -3)*1. Suppose g + 6*y - h = y, 140 = 4*g + 4*y. What is the units digit of g?
2
Let q be 38 + (3 - -1) + -1. What is the tens digit of q/3 + (-36)/54?
1
Let t be -4 + 0 - -5 - -1. Suppose r = 3*k - 118, t*k + 3*r + 159 = 6*k. What is the units digit of k?
9
Let c = -168 - -297. Let m = 75 + c. Suppose -5*x + m = 4*t + 14, 3*x - 3*t - 87 = 0. What is the tens digit of x?
3
Let q(t) = t**2 + 3*t - 3. Let u be q(-4). What is the units digit of 8/((-12)/16 + u)?
2
Let q = 46 + -46. Suppose -6*l + 655 + 611 = q. What is the hundreds digit of l?
2
What is the tens digit of 29638/28 + 17 - (-10)/(-4)?
7
Let g = 21 - -10. Suppose g*z - 30*z - 258 = 0. What is the tens digit of z?
5
Suppose 3*z - 34 - 1 = -5*u, z - 3*u + 7 = 0. Suppose 0 = -4*t + 3*b - 109, 3*t = 5*t + z*b + 35. Let y = t - -46. What is the tens digit of y?
2
Let x(z) = 373*z**3 - z**2 + 1. What is the hundreds digit of x(1)?
3
Let d = -217 - -309. Let l = d + -87. What is the units digit of l?
5
Let a(v) = v**2 + 3*v - 18. Let y be a(-6). Let r be 5/(-5) - (0 - y). What is the units digit of r - 7/(7/(-3))?
2
Let w = 145 - -174. What is the hundreds digit of w?
3
Let u = 13 - 7. Let g(f) = -f**3 + 7*f**2 - 5*f - 7. Let a be g(u). What is the tens digit of -2 - -44*(-1)/a?
4
Let s = 1364 - 560. What is the tens digit of s?
0
Let y be (-308)/(-3) + (-2)/3. Let k(j) = -2*j**3 - 25*j**2 - 7*j - 8. Let r be k(-12). Let a = y + r. What is the tens digit of a?
3
Suppose -251 = -5*w + 649. What is the tens digit of w?
8
What is the tens digit of (4635/(-90))/((-1)/14)?
2
Let b(c) = -2*c**2 - 3*c + 4. Let z be b(5). Let s = 108 + -195. Let p = z - s. What is the tens digit of p?
2
Let n(u) = 26*u - 166. What is the tens digit of n(26)?
1
Suppose -2*s - 177 = -647. What is the units digit of s?
5
Let d = 17 + -3. Let q be (7 + -19)*d/6. What is the units digit of 51/7 + 8/q?
7
Suppose 0 = 2*g + 4*z - 64, 4*g + 4*z - 108 = -0*g. Suppose -4*r = 18 + g. Let c = -3 - r. What is the units digit of c?
7
Suppose -4109 - 156161 = -47*i. What is the tens digit of i?
1
Suppose -7*v + 4 = -5*v. Suppose -3*w - 2*i - 2 = 0, -5*w + 5 - 3 = -2*i. Suppose k = -r + 7, -4 = -v*k - 4*r - w*r. What is the units digit of k?
2
Let a be (2 + -2)/(2 - 3). Let k(w) = 9*w + 144. What is the units digit of k(a)?
4
Suppose 0 = -2*b - p + 1363, 2*p + 2730 = -4*b + 8*b. What is the tens digit of b?
8
Let k(o) = -o**2 + 4*o + 10. Let u be k(5). Suppose -3*s - 2*v + 11 = 0, -u*v - 53 = -4*s - 0*v. What is the units digit of (1 + s)/(12/18)?
2
Suppose -5*n + 1684 = -761. What is the tens digit of n?
8
Let c be 10/(-15) - (-47)/3. Suppose -2*t - 3*t = -c. Suppose 4*x + t - 35 = 0. What is the units digit of x?
8
Let z be 33/(-8) + (-13)/(-104). What is the tens digit of 238/7*-1*2/z?
1
Let o = 15 - 8. Suppose -s = -o + 6. What is the units digit of s?
1
Suppose 4*v - 3*v - 771 = -f, -4*f + 3081 = 5*v. What is the units digit of f?
4
Suppose -20 = -4*d - d. Let v(a) = 5*a**2 + 12*a. Let s be v(4). Suppose 12 = -d*h + s. What is the units digit of h?
9
Let m = 8 - 6. Suppose -2*z + 2 = m*w - z, -3*w + 3*z + 21 = 0. Let n(s) = 18*s + 4. What is the units digit of n(w)?
8
Suppose 25 = 5*l - 100. Suppose -4*d - l = 63. Let m = d - -45. What is the tens digit of m?
2
What is the units digit of 4/5 + 6086*112/160?
1
Suppose -10353 = -20*l + 21387. What is the tens digit of l?
8
Let n be (14/4)/((-9)/(-450)). Suppose 0*w - n = -2*d - 3*w, w - 86 = -d. What is the units digit of d?
3
Let b = 33 - 36. What is the tens digit of (-480)/(-9)*(b + 6)?
6
Let t(k) = k**3 - k**2 - k + 70. Let r be t(0). Suppose -3*l + 5*f + 19 = -110, -2*l - 2*f + r = 0. What is the tens digit of l?
3
Let n(p) = -11*p**2 - 3*p**3 + p**3 + 3*p**3 + 5*p**2. Let c be n(6). Suppose 2*x = -c*x + 2. What is the units digit of x?
1
Let w(o) = -3*o**2 - 20*o - 10. Let v be w(-6). Suppose v*u = 7*u - 540. What is the units digit of u?
8
Let o = -251 + 399. Suppose v + 0*v - 48 = -w, 0 = -3*w - 5*v + o. What is the tens digit of w?
4
Let p be (-1 + 34/(-2))/(-1 - 1). What is the tens digit of 139/3*(12 - p)?
3
Let p(g) = -112*g + 107. What is the hundreds digit of p(-5)?
6
Suppose 0 = 4*s + 4*x - 12980, 136*s - 134*s - 5*x - 6511 = 0. What is the hundreds digit of s?
2
Let s(v) = -9*v + 3. Let g be s(-3). Let w = 79 - g. What is the tens digit of w?
4
Suppose 0 = -5*h - 5*g + 9055, 5*h - 9064 = -0*h - 2*g. What is the thousands digit of h?
1
Let r(y) = -2*y**3 - 4*y**2 + 3*y + 7. Let w be r(-3). Let j = w + -10. Suppose -115 = i - j*i. What is the units digit of i?
3
Suppose -2*o = 67 - 205. What is the units digit of 2/(((-30)/o)/(-5))?
3
Let s be 4/(-10) + 412/5. Suppose 3*x - x + s = 0. Let m = 69 + x. What is the tens digit of m?
2
Let b(g) = -g**2 + 3*g + 14. Let t be b(5). Suppose 16*u - t*u - 264 = 0. What is the tens digit of u?
2
Suppose -1187 = -3*r + 5*j, -2*j - 256 = -3*r + 928. What is the hundreds digit of r?
3
Let r(d) = -d**3 - 10*d**2 - 51*d - 25. What is the hundreds digit of r(-11)?
6
Suppose 6*l - 3*h + 1668 = 7*l, 0 = 4*l + 3*h - 6681. What is the tens digit of l?
7
Suppose -24 = -6*v + 48. Suppose -3*a + v = -0*a. What is the units digit of a?
4
Let o = 0 + 68. Suppose -2*w + 220 = 3*i, 0 = 6*i - 5*i + 4. Let g = w - o. What is the tens digit of g?
4
Suppose -5*r + 1 - 31 = 0. Let n be (9 + 1)*r/(-5). Suppose -3*v + 3 + n = 0. What is the units digit of v?
5
Suppose 3*b - 13 = b - 3*c, -3 = -b + 2*c. Let h = 146 + -88. Suppose b*d = 47 + h. What is the units digit of d?
1
Let b(u) = -u**2 + 27*u + 20. Let z be b(21). What is the tens digit of (-1)/((-2)/z) + 4?
7
What is the units digit of 8/(112/(-1827))*(-136)/6?
8
Let i = -21 - -28. Let p(o) = 8*o - 4. What is the tens digit of p(i)?
5
Suppose u + 21 = i, 0*u + 2*u - 102 = -4*i. Let v be ((-18)/(-8))/((-9)/i). What is the units digit of 1/(0 + (-2)/v)?
3
Let l(o) = -13*o**3 + 3*o**2 + o - 5. What is the units digit of l(-3)?
0
Suppose -13*o = -6*o - 14. Suppose 0 = o*m + 2*t - 474, 5*m - 5*t = 320 + 915. What is the units digit of m?
2
Let t be 4/8*(-2 - -14). Suppose 0 = -3*f - 0*f - 6. What is the tens digit of (t/f - -74) + -2?
6
Suppose -25*v + 445 = -20*v. What is the units digit of v?
9
Suppose -5*h + 5130 = 8*t - 3*t, 5*t = 0. What is the hundreds digit of h?
0
Suppose 0 = 5*q + 5. Let c = 3 + q. Suppose -3*n + c = -n. What is the units digit of n?
1
Suppose m = -4*m + 10. Suppose -79 = -m*d + 5. Suppose -3 = f - d. What is the units digit of f?
9
Let a = -7 - -15. Let n be 1/(-4) - (-26)/a. Suppose -2*q + 28 = -q - 4*v, 0 = n*q + v - 32. What is the tens digit of q?
1
Let l = -9 - -22. Let h(m) = m**3 - 13*m**2 + 5*m + 14. What is the units digit of h(l)?
9
Let n = 562 - 248. What is the tens digit of n?
1
Let o(r) = 125*r**3 + 3*r**2 - 7*r - 3. What is the tens digit of o(2)?
9
What is the units digit of -1*(-942 + -14 + 8)?
8
Let m(w) = 8*w + 4. Suppose 2*f - 15 = -3*f. What is the tens digit of m(f)?
2
Suppose -1190 = -12*f + 586. What is the units digit of f?
8
Let y = 19 + -24. Let w(s) = 0*s - s**3 - 5*s**2 + s + 6 + 0*s. What is the units digit of w(y)?
1
Let o be 2/3 + (-15732)/(-54). Suppose 93 = 7*b - o. What is the tens digit of b?
5
Suppose 2*w + x + 1 = -4, 4*w + 25 = 3*x. Let r be ((-2)/w)/((-1)/(-316)). Suppose -5*q - l = -127 - r, 0 = -2*q - 3*l + 127. What is the tens digit of q?
5
Let f(h) = 2*h**3 - 6*h**2 - 2*h + 2. Suppose -4*z = 4, 0 = 2*l + l - z - 16. What is the tens digit of f(l)?
9
Let w(a) = a**3 + 12*a**2 + 11*a - 10. What is the hundreds digit of w(-9)?
1
Let k(d) = -17*d - 10. Let f = 9 - 15. What is the tens digit of k(f)?
9
Let b(f) = -f**3 - 26*f**2 - 65*f + 9. What is the hundreds digit of b(-25)?
0
Suppose -2*c = 2*z - c + 12, 0 = -5*z + 4*c - 4. What is the units digit of z + 8 - (2 - 129)?
1
Let y = 138 + 400. Suppose 5*b = -x + y, 8*b - 3*b + 3*x - 534 = 0. What is the hundreds digit